) = 14*k**2 - 3*k. Suppose -2*d = z, -d = -4*d - 5*z - 14. Let h be y(d). Suppose -6*r + r + h = 0. What is the greatest common factor of r and 10?
10
Let z = -12 + 15. Let i(x) = -2*x**2 - 11*x. Let c be i(-5). Suppose -3 - 12 = -c*k. Calculate the greatest common factor of z and k.
3
Let f be (((-12)/15)/2)/((-4)/1280). What is the greatest common factor of f and 8?
8
Let b = -41 - -86. Let g = 285 - 280. What is the highest common divisor of g and b?
5
Suppose 5*n + 4*d - 797 = 0, -16*n + 493 = -13*n - 5*d. Let z = n + -107. Calculate the greatest common factor of z and 6.
6
Let x = 9 + 1. Let r(m) = 2*m**2 + 13*m + 11. Let c = -36 + 25. Let i be r(c). Calculate the highest common divisor of i and x.
10
Let c = 1523 + -1493. Calculate the highest common factor of c and 1245.
15
Let k be ((-42)/45 - (-6)/(-9))*(6 - 46). Let n = 62 - 14. What is the highest common divisor of n and k?
16
Let t(z) = z**2 - 4*z - 22. Let r be t(-9). Let s be r/19 + 0 + 0. What is the greatest common divisor of s and 55?
5
Suppose 8 = 7*k + 15. Let f be 19*4 - (6 - (-2)/k). What is the highest common factor of 96 and f?
24
Let i be (-1)/(-2) - (-18)/(-4). Let k(h) = h**2 + 6*h + 14. Let m be k(i). What is the highest common divisor of 48 and m?
6
Let n be (-8)/(-11*(-5)/(-10) - -5). What is the greatest common factor of n and 96?
16
Let i = -539 + 729. Calculate the highest common factor of 10 and i.
10
Let p be -6*((-52)/3 - -8). Let s = 58 + -16. Calculate the greatest common factor of s and p.
14
Let h be 4/(-16) - (-26)/8. Suppose -f - 2*m + 44 = h*f, 0 = -f - 5*m + 2. Let x be 17/(17/30) - 0. What is the highest common factor of x and f?
6
Suppose 0 = -3*r + 12, 4*r - 34 = -2*y - r. Let k be (5 + -3)/(8/84). What is the greatest common divisor of y and k?
7
Let p be (36/(-1 - -4))/((-4)/(-3)). Let j(b) = b**3 - b**2 - b - 7. Let f be j(0). Let i = -4 - f. Calculate the greatest common divisor of i and p.
3
Let q be (-1 - -3) + (11 - 4). Let s be -2*(q/(-6) + -2). Let x = s - 6. Calculate the greatest common factor of x and 4.
1
Suppose 0 = 5*k - 4*l - 1492, 9*k - 14*k = l - 1477. Calculate the highest common divisor of 111 and k.
37
Suppose -2*j - g = -4*g - 142, -j = -4*g - 76. What is the highest common factor of j and 85?
17
Suppose 2*k + 34 = 4*n, -2*n + 3*k + 2*k + 21 = 0. Suppose -n = -3*w + 1. Calculate the greatest common divisor of w and 21.
3
Let m(q) = -17*q + 9. Let p be m(-3). Let j be (6/4)/(1/16). Calculate the greatest common factor of j and p.
12
Let z(x) = 5*x + 1. Let q be z(2). Suppose q = -3*w - 2*g, -2*g + 0 + 1 = -w. Let a be 105*4*w/(-12). What is the highest common divisor of 15 and a?
15
Suppose -15 = -5*r + 5*v, 4*v - 7*v = 3*r - 39. What is the highest common divisor of r and 24?
8
Let q be (-3 + 20/15)*3. Let t be q/35 + 450/14. Calculate the greatest common divisor of t and 160.
32
Let h(z) = z**2 + 4*z - 3. Let a be h(-4). Let m be ((-447)/9 + 2)*a. Let r = -52 - -65. What is the highest common factor of m and r?
13
Let u be (-93)/2*(-6)/9. Let z = 46 - u. Suppose 126 = -11*a + 32*a. Calculate the greatest common divisor of z and a.
3
Suppose 206 - 191 = 5*a. Let l = a - -21. Suppose 0 = -2*v + 5*v - 36. What is the greatest common divisor of l and v?
12
Let y(u) = u**2 + 3*u + 6. Let o be y(15). Let n = o - 24. Calculate the highest common divisor of 28 and n.
28
Let i = 22 + -19. Let p be 18/2*i - -4. Suppose z - 53 = p. Calculate the highest common divisor of z and 21.
21
Let z be 558/217*(-7)/(-3). Calculate the highest common divisor of z and 141.
3
Suppose -7*d = -2*d - 600. Suppose -j + 3*u + 12 = 2*u, -5*u = 5*j - 90. What is the highest common divisor of d and j?
15
Let u be (-2 + 0 + 1)*-1. Suppose -4*x + 8 = 4*h, 4*x + 4 = 2*h + 7*x. Calculate the greatest common factor of u and h.
1
Let j = 69 - 38. Suppose -i - 2*r + 16 = 0, 9 = -2*i - 2*r + j. What is the greatest common divisor of i and 66?
6
Let b = 569 + -459. What is the highest common factor of 88 and b?
22
Suppose 16 = -4*f, 3*o = -0*f + 4*f + 49. Suppose 2*t - 167 = -3*s, 8*s - 4*s = -12. Calculate the greatest common factor of o and t.
11
Let o(n) = 683*n**2 + 13*n + 14. Let d be o(-1). What is the greatest common factor of d and 36?
36
Suppose 0*y + 105 = -3*y. Let c be 1*5*(-224)/y. Suppose -5*s + 85 = f, -5*f - 5*s + 403 = -2*s. Calculate the highest common factor of f and c.
16
Let h(q) = q**2 - 14*q + 41. Let w be h(13). Let y = 21 - -49. Let m be 1 + -1 + (y - 0). Calculate the highest common factor of m and w.
14
Let j be (-1)/((245/48)/(-5) + 1). What is the greatest common divisor of 48 and j?
48
Suppose -j - 2*j = 4*m - 320, -3*j = 0. Let y be 30/4*224/m. What is the highest common factor of 28 and y?
7
Let j(c) = -23*c - 50. Let z be j(-7). What is the greatest common factor of 37 and z?
37
Let i(p) = p**3 - 11*p**2 + 15*p + 9. Let k be i(12). Calculate the highest common factor of 555 and k.
111
Suppose -3*p = -4*p. Suppose z - 183 = -3*z - 3*v, -z - 4*v + 62 = p. Let g = -116 + 221. Calculate the highest common divisor of g and z.
21
Suppose -31*r + 5*r + 494 = 0. Calculate the greatest common factor of r and 57.
19
Let g = -403 + 739. Suppose 2*q - 6*q = -g. Suppose w = 4*t - 0*w - 44, t + 5*w - 32 = 0. Calculate the highest common factor of t and q.
12
Suppose n - c = 18, -27*c = 3*n - 25*c - 54. What is the greatest common divisor of 162 and n?
18
Let g be 7 - (6 - 5) - -2. Calculate the highest common divisor of g and 16.
8
Suppose -n = -5*k + n + 2464, 4*n = -3*k + 1494. What is the greatest common divisor of 65 and k?
13
Let c be (-40)/(-2)*(-208)/(-40). Let t be (-55)/10 + (-3)/2. Let q(d) = -d + 6. Let i be q(t). What is the greatest common divisor of i and c?
13
Suppose 0 = -b + 3*f + 4 + 2, -4*b = -3*f - 24. Let d be (-4 + b - 7)*(-39 + 2). Calculate the greatest common factor of 37 and d.
37
Suppose -3*f = -4*i - 87, -5*f + 2*i = -2*i - 137. Let y(x) = 9*x + 290. Let g be y(-10). What is the highest common factor of f and g?
25
Let u be (-2 + 8/6)/(5/(-60)). Let y(b) = 24*b**2 + b - 2. Let k be y(-2). Suppose 0 = 3*g - 4 - k. Calculate the highest common factor of g and u.
8
Suppose 0 = -r - 2 + 4. Let f be (-13 - -17)/(r/(-140)). Let w be -9*(f/(-12))/(-7). What is the highest common factor of 330 and w?
30
Let i(r) = -2*r**2 + 1 + 2*r**2 - 3*r**3 + r**2 + r. Let p be i(-1). Suppose 79*j = -28 + 107. What is the highest common factor of p and j?
1
Let q = -401 + 416. Calculate the greatest common divisor of q and 3.
3
Let q = 501 + -117. Let a = -10929 + 10977. What is the highest common factor of a and q?
48
Let t(p) = 8*p**2 + 36. Let f be t(4). Calculate the highest common factor of 123 and f.
41
Let g be 4/1 + -5 + 3. Suppose -2*x + 12 - g = 0. Calculate the greatest common factor of x and 10.
5
Suppose 3784 = 16*f - 5*f. What is the highest common factor of f and 24?
8
Let d(g) = -g**3 + g**2 + 5*g + 5. Let t be d(3). Suppose t*x = 4*x - 286. Calculate the greatest common divisor of x and 13.
13
Suppose 0 = 28*w + 43*w - 10792. Let y = 3 - -1. Suppose -m + 6*m = y*x + 99, -98 = -5*m + 3*x. Calculate the greatest common factor of w and m.
19
Let o = 79 + 5. Let k(u) = -u**3 + 9*u**2 + 76*u - 63. Let t be k(14). Calculate the greatest common factor of t and o.
21
Suppose -q = -3*q + 4*m - 12, -m = 1. Let r = q - -10. Calculate the highest common factor of 8 and r.
2
Let u(g) = 3*g**2 - 4*g - 30. Let k be u(4). Suppose 0 = 3*v + 2*r + 7, -r = 5 - 0. What is the highest common divisor of v and k?
1
Let r(k) = -16*k + 382. Let i be r(20). What is the greatest common factor of i and 1054?
62
Let v(p) = p**2 + p - 1. Let o be v(2). Suppose u - 10 = w - 4*w, 16 = o*u - 2*w. Let r be u*-34*(-1)/8. What is the greatest common factor of r and 187?
17
Let y(a) = 162*a - 80. Let q be y(8). Calculate the highest common factor of 19 and q.
19
Suppose 0 = -3*o + 163 - 67. What is the greatest common factor of o and 12?
4
Suppose 0 = 45*b - 43*b + 12. Let n be b/(-36)*20*6. Calculate the greatest common divisor of n and 5.
5
Let w = 108 - 72. What is the greatest common factor of w and 27?
9
Let x(h) = -5*h + 7. Let d be x(3). Let a = 48 - d. Calculate the highest common divisor of 8 and a.
8
Let p = 660 + -647. Calculate the greatest com